ite?
True
Let q(u) = 195*u**2 - 82*u + 758. Is q(13) a composite number?
False
Let j = -56085 + 86966. Is j prime?
True
Let h(j) = 9*j - 7*j - 6*j - 30*j - 1. Let q be h(3). Let s = q + 200. Is s a composite number?
False
Let g(p) = -8*p + 63. Let x = -99 - -84. Let k be g(x). Suppose 3*q + 2*q - k = 4*d, -4*q + 134 = 3*d. Is q a composite number?
True
Let a(f) = f**2 - 2*f - 3. Let q be a(3). Suppose q = 9*c + c - 4430. Is c composite?
False
Suppose 125*s - 2*y = 130*s - 108142, -4*y = 4*s - 86516. Let c = 16 - 8. Suppose c*i - 4*i = s. Is i prime?
True
Suppose 3*t - n = 167056 + 117340, t - 94803 = -4*n. Is t prime?
False
Let g = 42379 + -72520. Let b = -17020 - g. Is b composite?
False
Is (-4)/11 + (-18)/((-1980)/1270430) a prime number?
True
Let y(q) = q + 39. Let g be y(-29). Let k(b) = 5*b**3 + 11*b**2 - 10*b + 7. Is k(g) composite?
False
Let j be (7 - 10) + (-3 - -30). Suppose 21*w + 4269 = j*w. Is w a prime number?
True
Let g(j) = -j**2 + 25*j - 25. Let v be g(25). Let q = v + 29. Suppose 2*o = -2*x + 3126, -q*x + 7823 = x + 3*o. Is x a prime number?
True
Let w(g) = -g - 2. Let j be w(-26). Let u = j - 18. Suppose c + 752 = u*x - 3*x, -5*c + 256 = x. Is x a composite number?
False
Suppose 4*h - 11 = 5*v - 5, 4*v - 4 = h. Suppose 2*g = -v*a + 256, -524 = -3*g + 3*a - 146. Is g prime?
True
Let r = -3364 - -943. Let j be r/(-6)*56/(-6). Is 2*4/48 + j/(-12) composite?
True
Let w = -59 - -53. Let y(z) = z + 7. Let p be y(w). Is (3149/(-94))/((-1)/(3 - p)) composite?
False
Let y = 451 - 449. Suppose -n + 0 = 3, -y*s - n = -2579. Is s a composite number?
False
Suppose -o + 2*p = 5*p + 10, 5*p + 28 = 4*o. Suppose 0 = -o*j - j. Suppose -3*u - 1943 = -4*f + 164, j = -2*f - 3*u + 1067. Is f composite?
True
Is ((-516)/(-15) - 6/15)*(-30433)/(-26) a composite number?
True
Suppose 0 = 2*f - 276 - 194. Suppose f = 11*q + 37. Suppose 0 = -3*g + q + 75. Is g a prime number?
True
Suppose 11*w = 15*w + 16, 4*w = 4*c - 28. Suppose t - 32756 = -c*t. Is t a prime number?
False
Let f(n) = -27*n**3 - n**2 + 35*n - 5. Let m be f(7). Is (m/(-4))/(-5)*-2 a prime number?
True
Let i be 844/(-11)*-3 - 4/22. Suppose f + u + 116 = 0, -2*u - 499 = 4*f - 5*u. Let y = i + f. Is y a prime number?
True
Suppose -37 + 33 = -2*q. Let x(a) = 3*a**2 - 2*a - 2. Let u be x(q). Suppose 0 = -8*i + u*i + 138. Is i composite?
True
Suppose 52*p + 19425424 = 69*p. Is (p/(-204))/(8/(-6)) a composite number?
False
Let g = -314 + 55. Let w = g - 263. Let n = w + 817. Is n composite?
True
Let k be 45*(0 - (-1)/(-1)). Let n be ((-4)/(-3))/((-20)/k). Suppose n*x + g - 5*g = 629, 4*x - 847 = -3*g. Is x composite?
False
Let x(z) = 3772*z**2 - z + 13. Is x(6) a prime number?
True
Suppose -2*c + 6947 = 2327. Suppose -5*k = -5*t + c, -10 + 30 = 5*k. Is t/(-2)*(17 + -18) a prime number?
True
Let p = 3566 + 4125. Suppose 783*b = 784*b - p. Is b a composite number?
False
Let p(h) = 4*h**3 + 11*h**2 - 3*h. Let v be p(-3). Suppose -9*m + 178859 - 13556 = v. Is m a prime number?
True
Is (-24)/1040*-13 + 242387/10 a composite number?
False
Let q be (-3)/18 - ((-76276)/24 - -5). Suppose -5*y = -2*m + q, 1215 + 1959 = 2*m - 4*y. Is m prime?
False
Let w(g) = g**3 + 17*g**2 - 36*g - 25. Let h be ((-34)/4)/((-1)/(-2)). Is w(h) a composite number?
False
Let b = -181 + 471. Suppose -z = -2*z - 5*d + b, 3*z - 770 = 5*d. Suppose 0 = -m + 64 + z. Is m a composite number?
True
Is (-560480)/(-224) + (-16)/14 a composite number?
True
Let x = 1139 + -1947. Let n = 2877 + x. Is n a composite number?
False
Let g(p) = 14452*p**2 - 26*p + 101. Is g(-8) a composite number?
False
Let v = 1574 - -1953. Is v a composite number?
False
Suppose -r = q - 2466 - 341, -3*q + 3*r + 8457 = 0. Is q a composite number?
True
Suppose -u + 5*a = 25, -4*u - 3*a - 1 = -16. Is 3/(6/7382) + u/17 a composite number?
False
Let v = 214 + -209. Suppose 0 = -2*c - 2*n + 360, -890 = -3*c - 2*c + v*n. Is c composite?
False
Let t(g) = -g**3 + g**2 + 103*g + 63. Is t(-16) prime?
True
Suppose 0 = -6*i - 0*i - 7026. Let d = i - -721. Let u = 1187 + d. Is u composite?
True
Let l be (-336)/784 + (-81082)/14. Let r = -1591 - l. Is r composite?
False
Let s be 0 + -10 + ((-28)/7 - -8). Is -9 + (2 - s - -32274) prime?
False
Let t(q) = -3*q**3 + q**2 - 1. Let b be t(-1). Suppose -c + 5*c + b*u = 14519, 7263 = 2*c + 5*u. Is c a prime number?
False
Let i = -86 + 86. Suppose -49*h + 46*h + 9 = i. Suppose -4*z = 3*j - 4547, -3*j - h*z + 0*z + 4548 = 0. Is j prime?
False
Let x(d) = 5*d**3 - 4*d**2 - 1 - 1 - 9 + 4*d**2 - 20*d + 4*d**2. Is x(10) composite?
False
Let l = -133810 + 413601. Is l prime?
False
Let j = -249 - -251. Suppose m + j*m = 2*o - 6769, 7*o + m = 23726. Is o a composite number?
False
Suppose 5*n = 2*n - 4*q + 39995, -3*n = -q - 39985. Suppose 3*d = -2*g + 717 + 12602, 0 = 3*d - 3*g - n. Is d a composite number?
False
Suppose -17 = 4*i - 109. Let v = i + -16. Suppose 0 = v*u - 3618 - 1093. Is u a prime number?
True
Is (-2)/((-48)/(-4)) + (-1164344)/(-48) a composite number?
True
Is (-3)/5*141565/(28 - 51) prime?
False
Let n be (4/14)/(77/539). Suppose -6*t = -4*t - b - 1866, n*t - 3*b = 1866. Is t a composite number?
True
Let p(j) = -14*j**3 + 9*j**3 + j**3 - j**2 + 12*j - 1. Let s be p(-5). Let b = s - 88. Is b a prime number?
False
Let m(p) = 52215*p**2 + 547*p + 17. Is m(-4) composite?
False
Let d(r) be the second derivative of -1/20*r**5 + 0 + 15*r - r**3 + 29/2*r**2 + 1/6*r**4. Is d(-12) a prime number?
False
Suppose -5*b + 3*k + k - 32 = 0, -k + 3 = 0. Let a be (-1366)/(-6) + b/6. Suppose y + 0*s = -s + a, 0 = -2*y - 3*s + 458. Is y prime?
True
Let d = -99 + 102. Suppose d*y + 110 = 6*y - 5*g, 5*g = -3*y + 100. Is y a prime number?
False
Let t be -2*(-4)/(-40) + (-214544)/55. Let k = t - -8010. Is k composite?
True
Let f(q) = 27*q + 9. Let w be f(13). Let x be ((-2)/(-3))/((-48)/w). Let v(o) = -478*o + 21. Is v(x) a prime number?
True
Suppose 3*o + 24 = 4*o. Let x(m) = -8*m + 7 + 6 + o*m + 0. Is x(4) a prime number?
False
Suppose -q - 120 = 9*q. Is 13064/q*7/((-56)/12) composite?
True
Suppose -2*j - 59*s = -62*s - 2299220, 0 = 2*s - 12. Is j prime?
True
Let o(g) be the third derivative of -15*g**6/8 - g**5/60 + g**4/6 + 5*g**3/6 - g**2. Let d be 2*84/(-24) + 5. Is o(d) a composite number?
True
Let u = 70301 + -20050. Suppose -u = -59*y + 28*y. Is y a composite number?
False
Is 4174*(-11)/(352/(-2896)) a prime number?
False
Let y(r) = 102*r**2 - 124*r - 913. Is y(-8) prime?
True
Let k be 6354/(-27)*(-441)/6. Let j = k + -7078. Is j prime?
False
Let h = -7161 - -29390. Is h prime?
True
Let h(a) = 1294*a**2 - 213*a - 7. Is h(12) composite?
True
Let q be (1 + (-4)/6)/(63/276129). Let j = 6062 - 3922. Let t = j - q. Is t prime?
False
Suppose 17*g - 26*g = -2030679. Is g a composite number?
True
Let l = -1183 - 142. Let r = l + 7354. Is r a composite number?
False
Suppose -454130 = -2*f - s, 0 = -2*f + 7*s - 5*s + 454118. Is f a prime number?
False
Let k = 60 - 54. Suppose -m - k = -8. Suppose m*o = 5*y + 98, y - 107 = -2*o + 15. Is o prime?
True
Suppose 2*d = -2*p + 126, -2*d - d + p + 181 = 0. Suppose -11 = -2*j + d. Is -2*1/9 + 110852/j a composite number?
False
Let w(y) = 35*y**2 - 40*y + 45. Let c = 290 + -268. Is w(c) a prime number?
False
Let x = -2609 + 9132. Let u = 12540 - x. Is u prime?
False
Suppose 1269 = 7*x - 5451. Suppose 0 = -2*w - 3*g + 847, 4*g + x = 3*w - 353. Is w a composite number?
False
Let q(f) = 267*f**2 - 15*f - 77. Suppose -4*s = -4*p - 0*p - 4, 4*p - s + 16 = 0. Is q(p) a composite number?
False
Suppose -3*n + 5*m - 4*m = -37325, 4*n = 2*m + 49764. Is n composite?
True
Let y(d) = 8*d**2 + 113*d + 328. Is y(-45) a prime number?
True
Let h(f) = -f**2 - 12*f - 11. Suppose k = -5*t, 3*k - t + 42 = -k. Let m be h(k). Suppose -b + 1110 = m*b. Is b a prime number?
False
Let x(b) = 127*b**2 + 5*b - 1089. Is x(26) a composite number?
True
Suppose 4*y = 3*h - 42, -h + 15 = -y + 2. Suppose 8 + 12 = h*r. Suppose 606 = 5*n - r*n + 2*m, 5*m = -5*n + 1010. Is n prime?
False
Suppose 17*s = 31*s - 70. Suppose 18*w = s*w + 51961. Is w composite?
True
Let z = 31429 - 22338. Is z prime?
True
Let u(c) = 926*c + 2313. Is u(4) a prime number?
False
Let n(f) = -3*f - 26. Let b be n(-7). Let m be (0 + 1)/(((-20)/4)/b). Is 219 + -13 - 1/m 